{"id":18,"date":"2025-04-13T03:44:38","date_gmt":"2025-04-13T00:44:38","guid":{"rendered":"https:\/\/inankeskin.com\/?page_id=18"},"modified":"2025-04-13T12:34:27","modified_gmt":"2025-04-13T09:34:27","slug":"zemin-mekanigi-i","status":"publish","type":"page","link":"https:\/\/inankeskin.com\/index.php\/ders-notlari\/zemin-mekanigi-i\/","title":{"rendered":"Zemin Mekani\u011fi I"},"content":{"rendered":"\n<p><strong>Soil Mechanics I<\/strong> provides a foundational understanding of the behavior and classification of soils, forming the basis for more advanced geotechnical analysis and design. This course covers essential topics such as the physical and index properties of soils, soil classification systems, grain-size distribution, consistency limits, and the influence of water in soils. Weekly lecture notes are structured to present theoretical principles in a clear and concise manner and are supported with example problems to reinforce learning. These materials are designed to assist both in-class instruction and individual study.<\/p>\n\n\n\n<p>Hafta 1:&nbsp; Zeminlerin Olu\u015fumu <a href=\"https:\/\/inankeskin.com\/pdf\/Zemin_I_H1.pdf\" data-type=\"link\" data-id=\"https:\/\/inankeskin.com\/pdf\/Zemin_I_H1.pdf\">pdf<\/a><\/p>\n\n\n\n<p>Hafta 2:&nbsp; Zeminlerin Fiziksel ve Endeks \u00d6zelliklerinin Tan\u0131mlanmas\u0131 ve Problem \u00c7\u00f6z\u00fcmleri <a href=\"https:\/\/inankeskin.com\/pdf\/Zemin_I_H2.pdf\" data-type=\"link\" data-id=\"https:\/\/inankeskin.com\/pdf\/Zemin_I_H2.pdf\">pdf<\/a><\/p>\n\n\n\n<p>Hafta 3:&nbsp; Zeminlerin Fiziksel ve Plastisite \u00d6zelliklerine Y\u00f6nelik Deneyler <a href=\"https:\/\/inankeskin.com\/pdf\/Zemin_I_H3.pdf\" data-type=\"link\" data-id=\"https:\/\/inankeskin.com\/pdf\/Zemin_I_H3.pdf\">pdf<\/a><\/p>\n\n\n\n<p>Hafta 4:&nbsp; Zeminlerde Tane Da\u011f\u0131l\u0131m\u0131 ve Analizi <a href=\"https:\/\/inankeskin.com\/pdf\/Zemin_I_H4.pdf\" data-type=\"link\" data-id=\"https:\/\/inankeskin.com\/pdf\/Zemin_I_H4.pdf\">pdf<\/a><\/p>\n\n\n\n<p>Hafta 5:&nbsp; Zeminlerin S\u0131n\u0131fland\u0131r\u0131lmas\u0131 <a href=\"https:\/\/inankeskin.com\/pdf\/Zemin_I_H5.pdf\" data-type=\"link\" data-id=\"https:\/\/inankeskin.com\/pdf\/Zemin_I_H5.pdf\">pdf<\/a><\/p>\n\n\n\n<p>Hafta 6:&nbsp; Zemin S\u0131n\u0131flama Sitemleri Uygulamalar\u0131 ve Kar\u015f\u0131la\u015ft\u0131rmalar <a href=\"https:\/\/inankeskin.com\/pdf\/Zemin_I_H6.pdf\" data-type=\"link\" data-id=\"https:\/\/inankeskin.com\/pdf\/Zemin_I_H6.pdf\">pdf<\/a><\/p>\n\n\n\n<p>Hafta 7:&nbsp; Zeminlerde Su <a href=\"https:\/\/inankeskin.com\/pdf\/Zemin_I_H7.pdf\" data-type=\"link\" data-id=\"https:\/\/inankeskin.com\/pdf\/Zemin_I_H7.pdf\">pdf<\/a><\/p>\n\n\n\n<p>Hafta 8:&nbsp; Yeralt\u0131 Gerilmeleri; Zemin k\u00fctlesi nedeniyle olu\u015fan gerilmeler <a href=\"https:\/\/inankeskin.com\/pdf\/Zemin_I_H8.pdf\" data-type=\"link\" data-id=\"https:\/\/inankeskin.com\/pdf\/Zemin_I_H8.pdf\">pdf<\/a><\/p>\n\n\n\n<p>Hafta 9:&nbsp; Yeralt\u0131 Gerilmeleri; D\u00fc\u015fey y\u00fckleme ile olu\u015fan zemin k\u00fctlesindeki gerilmeler <a href=\"https:\/\/inankeskin.com\/pdf\/Zemin_I_H9.pdf\" data-type=\"link\" data-id=\"https:\/\/inankeskin.com\/pdf\/Zemin_I_H9.pdf\">pdf<\/a><\/p>\n\n\n\n<p>Hafta 10:&nbsp; Zeminlerin Kompaksiyonu <a href=\"https:\/\/inankeskin.com\/pdf\/Zemin_I_H10.pdf\" data-type=\"link\" data-id=\"https:\/\/inankeskin.com\/pdf\/Zemin_I_H10.pdf\">pdf<\/a><\/p>\n\n\n\n<p>Hafta 11:&nbsp; Standart Proktor Deneyi ve Modifiye Proktor Deneylerinin Uygulamas\u0131 <a href=\"https:\/\/inankeskin.com\/pdf\/Zemin_I_H11.pdf\" data-type=\"link\" data-id=\"https:\/\/inankeskin.com\/pdf\/Zemin_I_H11.pdf\">pdf<\/a><\/p>\n\n\n\n<p>Hafta 12:&nbsp; S\u0131k\u0131\u015fma ve Konsolidasyon Teorisi <a href=\"https:\/\/inankeskin.com\/pdf\/Zemin_I_H12.pdf\" data-type=\"link\" data-id=\"https:\/\/inankeskin.com\/pdf\/Zemin_I_H12.pdf\">pdf<\/a><\/p>\n\n\n\n<p>Hafta 13:&nbsp; Konsolidasyon Deneyi <a href=\"https:\/\/inankeskin.com\/pdf\/Zemin_I_H13.pdf\" data-type=\"link\" data-id=\"https:\/\/inankeskin.com\/pdf\/Zemin_I_H13.pdf\">pdf<\/a><\/p>\n\n\n\n<p>Hafta 14:&nbsp; \u0130leri Zemin Mekani\u011fi Problem \u00c7\u00f6z\u00fcmleri pdf<\/p>\n\n\n\n<p>Not:&nbsp; Bu ders i\u00e7in Ara S\u0131nav, 7. ve 15. haftalar aras\u0131ndaki bir tarihte yap\u0131l\u0131r. S\u0131nav\u0131n yap\u0131ld\u0131\u011f\u0131 tarihten itibaren konular bir hafta ileri al\u0131n\u0131r.<\/p>\n","protected":false},"excerpt":{"rendered":"<p>Soil Mechanics I provides a foundational understanding of the behavior and classification of soils, forming the basis for more advanced geotechnical analysis and design. This course covers essential topics such as the physical and index properties of soils, soil classification systems, grain-size distribution, consistency limits, and the influence of water in soils. Weekly lecture notes&hellip;&nbsp;<a href=\"https:\/\/inankeskin.com\/index.php\/ders-notlari\/zemin-mekanigi-i\/\" rel=\"bookmark\"><span class=\"screen-reader-text\">Zemin Mekani\u011fi I<\/span><\/a><\/p>\n","protected":false},"author":1,"featured_media":0,"parent":14,"menu_order":0,"comment_status":"closed","ping_status":"closed","template":"","meta":{"neve_meta_sidebar":"","neve_meta_container":"","neve_meta_enable_content_width":"","neve_meta_content_width":0,"neve_meta_title_alignment":"","neve_meta_author_avatar":"","neve_post_elements_order":"","neve_meta_disable_header":"","neve_meta_disable_footer":"","neve_meta_disable_title":"","footnotes":""},"class_list":["post-18","page","type-page","status-publish","hentry"],"_links":{"self":[{"href":"https:\/\/inankeskin.com\/index.php\/wp-json\/wp\/v2\/pages\/18","targetHints":{"allow":["GET"]}}],"collection":[{"href":"https:\/\/inankeskin.com\/index.php\/wp-json\/wp\/v2\/pages"}],"about":[{"href":"https:\/\/inankeskin.com\/index.php\/wp-json\/wp\/v2\/types\/page"}],"author":[{"embeddable":true,"href":"https:\/\/inankeskin.com\/index.php\/wp-json\/wp\/v2\/users\/1"}],"replies":[{"embeddable":true,"href":"https:\/\/inankeskin.com\/index.php\/wp-json\/wp\/v2\/comments?post=18"}],"version-history":[{"count":7,"href":"https:\/\/inankeskin.com\/index.php\/wp-json\/wp\/v2\/pages\/18\/revisions"}],"predecessor-version":[{"id":80,"href":"https:\/\/inankeskin.com\/index.php\/wp-json\/wp\/v2\/pages\/18\/revisions\/80"}],"up":[{"embeddable":true,"href":"https:\/\/inankeskin.com\/index.php\/wp-json\/wp\/v2\/pages\/14"}],"wp:attachment":[{"href":"https:\/\/inankeskin.com\/index.php\/wp-json\/wp\/v2\/media?parent=18"}],"curies":[{"name":"wp","href":"https:\/\/api.w.org\/{rel}","templated":true}]}}