{"id":20,"date":"2025-04-13T03:44:51","date_gmt":"2025-04-13T00:44:51","guid":{"rendered":"https:\/\/inankeskin.com\/?page_id=20"},"modified":"2025-04-13T12:33:12","modified_gmt":"2025-04-13T09:33:12","slug":"zemin-mekanigi-ii","status":"publish","type":"page","link":"https:\/\/inankeskin.com\/index.php\/ders-notlari\/zemin-mekanigi-ii\/","title":{"rendered":"Zemin Mekani\u011fi II"},"content":{"rendered":"\n<p>Soil Mechanics II builds upon the foundational concepts introduced in the first course and delves into advanced topics essential for understanding complex geotechnical behavior. This course explores the shear strength of soils, lateral earth pressures, slope stability, and bearing capacity of foundations. Practical applications are emphasized through detailed laboratory procedures and problem-solving exercises. Lecture notes provided for each week include theoretical content supported by examples and analysis methods commonly used in engineering practice. Students are encouraged to engage with these resources to deepen their knowledge and prepare for real-world geotechnical challenges.<\/p>\n\n\n\n<p>Hafta 1:\u00a0 Zemin Et\u00fctleri Amac\u0131 ve Genel Bilgiler\u00a0 <a href=\"https:\/\/inankeskin.com\/pdf\/Zemin_II_H1.pdf\" data-type=\"link\" data-id=\"https:\/\/inankeskin.com\/pdf\/Zemin_II_H1.pdf\">pdf<\/a><\/p>\n\n\n\n<p>Hafta 2:\u00a0 Kil Minarelleri ve Zemin Yap\u0131s\u0131 <a href=\"https:\/\/inankeskin.com\/pdf\/Zemin_II_H2.pdf\" data-type=\"link\" data-id=\"https:\/\/inankeskin.com\/pdf\/Zemin_II_H2.pdf\">pdf<\/a><\/p>\n\n\n\n<p>Hafta 3:\u00a0 Zeminlerde Kayma Direnci Kavram\u0131, Yenilme Teorileri <a href=\"https:\/\/inankeskin.com\/pdf\/Zemin_II_H3.pdf\" data-type=\"link\" data-id=\"https:\/\/inankeskin.com\/pdf\/Zemin_II_H3.pdf\">pdf<\/a><\/p>\n\n\n\n<p>Hafta 4:\u00a0 Zeminlerde Kayma Direncinin \u00d6l\u00e7\u00fcm\u00fc; Serbest Bas\u0131n\u00e7 Deneyi, Kesme Kutusu Deneyi, \u00dc\u00e7 Eksenli Bas\u0131n\u00e7 Deneyi, Vane Kanatl\u0131 sonda Deneyi\u00a0<a href=\"https:\/\/inankeskin.com\/pdf\/Zemin_II_H4.pdf\" data-type=\"link\" data-id=\"https:\/\/inankeskin.com\/pdf\/Zemin_II_H4.pdf\">pdf<\/a><\/p>\n\n\n\n<p>Hafta 5:\u00a0 Zeminlerde Kayma Direncinin Belirlenmesine Y\u00f6nelik Deneyler; Laboratuvar Uygulamas\u0131 <a href=\"https:\/\/inankeskin.com\/pdf\/Zemin_II_H5.pdf\" data-type=\"link\" data-id=\"https:\/\/inankeskin.com\/pdf\/Zemin_II_H5.pdf\">pdf<\/a><\/p>\n\n\n\n<p>Hafta 6:\u00a0 Zeminlerde Kayma Direncinin Belirlenmesine Y\u00f6nelik Problem \u00c7\u00f6z\u00fcmleri <a href=\"https:\/\/inankeskin.com\/pdf\/Zemin_II_H6.pdf\" data-type=\"link\" data-id=\"https:\/\/inankeskin.com\/pdf\/Zemin_II_H6.pdf\">pdf<\/a><\/p>\n\n\n\n<p>Hafta 7:\u00a0 Yanal Zemin Bas\u0131n\u00e7lar\u0131 <a href=\"https:\/\/inankeskin.com\/pdf\/Zemin_II_H7.pdf\" data-type=\"link\" data-id=\"https:\/\/inankeskin.com\/pdf\/Zemin_II_H7.pdf\">pdf<\/a><\/p>\n\n\n\n<p>Hafta 8:\u00a0 Yanal Zemin Bas\u0131n\u00e7lar\u0131; Uygulamalar <a href=\"https:\/\/inankeskin.com\/pdf\/Zemin_II_H8.pdf\" data-type=\"link\" data-id=\"https:\/\/inankeskin.com\/pdf\/Zemin_II_H8.pdf\">pdf<\/a><\/p>\n\n\n\n<p>Hafta 9:\u00a0 Yama\u00e7 ve \u015eevlerin Stabilitesi; Temel Kavramlar <a href=\"https:\/\/inankeskin.com\/pdf\/Zemin_II_H9.pdf\" data-type=\"link\" data-id=\"https:\/\/inankeskin.com\/pdf\/Zemin_II_H8.pdf\">pdf<\/a><\/p>\n\n\n\n<p>Hafta 10:\u00a0 Yama\u00e7 ve \u015eevlerin Stabilitesi \u00d6rnek Problemler <a href=\"https:\/\/inankeskin.com\/pdf\/Zemin_II_H10.pdf\" data-type=\"link\" data-id=\"https:\/\/inankeskin.com\/pdf\/Zemin_II_H10.pdf\">pdf<\/a><\/p>\n\n\n\n<p>Hafta 11:\u00a0 Zeminlerin Ta\u015f\u0131ma G\u00fcc\u00fc; S\u0131\u011f Temeller <a href=\"https:\/\/inankeskin.com\/pdf\/Zemin_II_H11.pdf\" data-type=\"link\" data-id=\"https:\/\/inankeskin.com\/pdf\/Zemin_II_H11.pdf\">pdf<\/a><\/p>\n\n\n\n<p>Hafta 12:\u00a0 Zeminlerin Ta\u015f\u0131ma G\u00fcc\u00fc; Kaz\u0131kl\u0131 Temeller <a href=\"https:\/\/inankeskin.com\/pdf\/Zemin_II_H12.pdf\" data-type=\"link\" data-id=\"https:\/\/inankeskin.com\/pdf\/Zemin_II_H12.pdf\">pdf<\/a><\/p>\n\n\n\n<p>Hafta 13:\u00a0 Zemin S\u0131v\u0131la\u015fmas\u0131 ve Analizi <a href=\"https:\/\/inankeskin.com\/pdf\/Zemin_II_H13.pdf\" data-type=\"link\" data-id=\"https:\/\/inankeskin.com\/pdf\/Zemin_II_H13.pdf\">pdf<\/a><\/p>\n\n\n\n<p>Hafta 14:&nbsp; \u0130leri Zemin Mekani\u011fi Problem \u00c7\u00f6z\u00fcmleri pdf <\/p>\n\n\n\n<p>Not:&nbsp; Bu ders i\u00e7in Ara S\u0131nav, 7. ve 15. haftalar aras\u0131ndaki bir tarihte yap\u0131l\u0131r. S\u0131nav\u0131n yap\u0131ld\u0131\u011f\u0131 tarihten itibaren konular bir hafta ileri al\u0131n\u0131r. &nbsp;<\/p>\n\n\n\n<p><\/p>\n","protected":false},"excerpt":{"rendered":"<p>Soil Mechanics II builds upon the foundational concepts introduced in the first course and delves into advanced topics essential for understanding complex geotechnical behavior. This course explores the shear strength of soils, lateral earth pressures, slope stability, and bearing capacity of foundations. Practical applications are emphasized through detailed laboratory procedures and problem-solving exercises. Lecture notes&hellip;&nbsp;<a href=\"https:\/\/inankeskin.com\/index.php\/ders-notlari\/zemin-mekanigi-ii\/\" rel=\"bookmark\"><span class=\"screen-reader-text\">Zemin Mekani\u011fi II<\/span><\/a><\/p>\n","protected":false},"author":1,"featured_media":0,"parent":14,"menu_order":0,"comment_status":"closed","ping_status":"closed","template":"","meta":{"neve_meta_sidebar":"","neve_meta_container":"","neve_meta_enable_content_width":"","neve_meta_content_width":0,"neve_meta_title_alignment":"","neve_meta_author_avatar":"","neve_post_elements_order":"","neve_meta_disable_header":"","neve_meta_disable_footer":"","neve_meta_disable_title":"","footnotes":""},"class_list":["post-20","page","type-page","status-publish","hentry"],"_links":{"self":[{"href":"https:\/\/inankeskin.com\/index.php\/wp-json\/wp\/v2\/pages\/20","targetHints":{"allow":["GET"]}}],"collection":[{"href":"https:\/\/inankeskin.com\/index.php\/wp-json\/wp\/v2\/pages"}],"about":[{"href":"https:\/\/inankeskin.com\/index.php\/wp-json\/wp\/v2\/types\/page"}],"author":[{"embeddable":true,"href":"https:\/\/inankeskin.com\/index.php\/wp-json\/wp\/v2\/users\/1"}],"replies":[{"embeddable":true,"href":"https:\/\/inankeskin.com\/index.php\/wp-json\/wp\/v2\/comments?post=20"}],"version-history":[{"count":4,"href":"https:\/\/inankeskin.com\/index.php\/wp-json\/wp\/v2\/pages\/20\/revisions"}],"predecessor-version":[{"id":78,"href":"https:\/\/inankeskin.com\/index.php\/wp-json\/wp\/v2\/pages\/20\/revisions\/78"}],"up":[{"embeddable":true,"href":"https:\/\/inankeskin.com\/index.php\/wp-json\/wp\/v2\/pages\/14"}],"wp:attachment":[{"href":"https:\/\/inankeskin.com\/index.php\/wp-json\/wp\/v2\/media?parent=20"}],"curies":[{"name":"wp","href":"https:\/\/api.w.org\/{rel}","templated":true}]}}